*2 - 4*v - 4*v. Is i(6) prime?
True
Let p(h) = 5*h**2 - 105*h - 49. Is p(-36) a composite number?
False
Is (2 - 1)/((-9)/662328*-8) a prime number?
True
Suppose 2949 = -2*k - 3401. Let y be k/(-15) + 1/3. Let a = -127 + y. Is a a composite number?
True
Suppose 4*w + 7*r = 8*r + 26430, 0 = 4*w - 2*r - 26432. Suppose 19821 = 9*b - 6*b - 4*y, b - w = -3*y. Is b a composite number?
False
Let w(u) be the third derivative of -37*u**4/24 - 20*u**3/3 - 5*u**2. Is w(-9) prime?
True
Let k be (-28)/(-35)*845/2. Let m = 149 + k. Is m prime?
True
Suppose -9*b + 418244 = -266197. Is b prime?
False
Suppose 0 = j - 8 + 7. Suppose 17 = 4*r + j. Suppose -3*x + 3*l = -213, r*x + 22 = l + 294. Is x a prime number?
True
Let y = 2 - -3. Let d(l) = 4*l**2 - l**3 + 4*l**2 + 4*l - 7 - 2*l**2. Is d(y) composite?
True
Let q = 79 - 73. Suppose -3957 = -9*v + q*v. Is v prime?
True
Suppose 3*u - 30 = -i - 1, 2*i + 6 = 2*u. Let v(j) = 84*j + 7. Is v(u) composite?
True
Let k be (6013 - (11 + -5)) + (0 - -1). Suppose 4*n = -4*n + k. Is n prime?
True
Let u(m) = 87*m - 18. Suppose -2*c + o + 11 = 0, -2*o + o = -c + 4. Is u(c) a prime number?
False
Let o(h) = -3*h**2 + 23*h + 4. Let n(z) = -2*z**2 + 12*z + 2. Let a(b) = -7*n(b) + 4*o(b). Let i be (-9)/(-4)*(-48)/18. Is a(i) a composite number?
True
Suppose 2*h - 9274 = -4*i, 2*i = -2*i + 2*h + 9262. Is i a prime number?
False
Suppose 0 = y + 4*b - 60271, 2*y - 36*b + 37*b = 120528. Is y a prime number?
False
Suppose -2*d - 16 = -3*b, -3*b + 24 = 2*b - 2*d. Suppose b*z - 775 = -z. Is z composite?
True
Let z = -47 + 47. Suppose 54*y - 53*y - 397 = z. Is y a prime number?
True
Let f(t) = -t**2 - 8*t + 12. Let k be f(-7). Let n = k - 0. Is n composite?
False
Suppose 0 = -32*t + 461068 + 633300. Is t a composite number?
True
Suppose 0 = -38*f + 26*f + 18444. Is f composite?
True
Let g = 25 + -28. Let d be 3*(-3 - 11/g). Suppose -d*y + 142 = 4*t, 0 = 4*y + 5*t - 170 - 123. Is y composite?
True
Let v = 410 + -251. Let c = 18 + v. Let z = -18 + c. Is z a prime number?
False
Let o(g) = 2*g**3 - g**2 + 2579. Is o(0) prime?
True
Suppose 10542 = 10*j - 8*j - 4*y, -15778 = -3*j - y. Is j a prime number?
True
Suppose 0 = -3*c - 2*m, 0 = -2*c + 2*m + 3*m. Suppose -3*k - i + 790 = 0, -528 = -2*k - 2*i - c*i. Is k a prime number?
True
Let q = 8770 - 4111. Is q a composite number?
True
Suppose -4*o - 2*x + 6772 = 0, -5*o = -x - 4290 - 4175. Is o prime?
True
Suppose -7*v = -6*v + 4*u - 1218, -3710 = -3*v + 2*u. Is v prime?
False
Let v = 31 - 31. Suppose -z = -v*b + b - 559, 0 = 4*b - 3*z - 2222. Is b a composite number?
False
Let v = -9 + 12. Suppose 0*r - v*r = 42. Is (-320)/r - 9/(-63) composite?
False
Let p = -906 - -1539. Let g = 1926 + p. Is g a prime number?
False
Let p(g) = 25*g**2 + 99*g - 27. Is p(22) a prime number?
True
Let l be (1 + 0 - 0) + -274. Let j = l + 668. Is j a composite number?
True
Let p(d) = 20*d**2 - 10*d - 3. Let z be p(8). Suppose -9*k + z = -2*k. Suppose -k = 2*j - 1517. Is j composite?
False
Let m(w) be the third derivative of -w**5/60 + w**4/4 + 10*w**3/3 + 5*w**2. Is m(5) prime?
False
Let f(j) = -j**2 - 6*j + 1. Let i be f(-6). Is ((-2)/i)/(5/10) - -2337 composite?
False
Suppose 5*x = -9 + 44. Is x + 1645/5 - (-1 + 2) a prime number?
False
Let j(m) = 7*m**2 - 6*m + 8. Let h be j(9). Let b = -256 + h. Is b a composite number?
True
Is (1490/(-20))/((-2)/4) a composite number?
False
Suppose 364 = -8*b + 52. Let h = b - -46. Is h a composite number?
False
Suppose 3*w + 8*g - 6*g - 46645 = 0, -25 = -5*g. Is w composite?
True
Suppose -3*q - b - 23 = 0, q + 1 = 2*b - 16. Let d = -10 - -7. Is (-3)/q - 632/d composite?
False
Let p(q) = 140*q**3 + 1. Let s = 9 - 8. Is p(s) composite?
True
Suppose 0 = 4*j + 4*t + 1644, 0*j - 2*j - t = 819. Is (0 - (-2 + j)) + 3 a prime number?
False
Let x be (-8)/8*(0 - 471). Let j = x + -140. Is j a composite number?
False
Let u(l) = -6449*l + 20. Is u(-1) prime?
True
Let r(k) = 4*k**2 + k + 11. Suppose 2*b - 4*b = 12. Is r(b) composite?
False
Let m = 73790 + -43057. Is m a composite number?
True
Let y be -4*2/(-16)*6. Suppose 2*x - 43 - 23 = -2*j, -x - y*j = -31. Is x a composite number?
True
Let q(h) be the second derivative of h**5/20 + 3*h**4/4 + h**3 - 7*h**2/2 + 6*h + 7. Let y be (-3)/(-6) - (-13)/(-2). Is q(y) a prime number?
False
Let w(u) = 7*u. Let t(m) = -2*m + 12. Let c be t(8). Let v be w(c). Let x = v + 105. Is x a composite number?
True
Let k = -3749 + 15807. Is k a composite number?
True
Suppose 3*h = 4*s - 28, h - 36 = -4*s + 2*h. Let z = s + -5. Suppose m + 1998 = 3*m + 4*x, z*x + 4980 = 5*m. Is m prime?
True
Let r(d) = 9 + 3 + 1 - d. Let p be r(13). Suppose k - 3*k + 382 = p. Is k prime?
True
Let r = -208 - -319. Suppose 4*v - v + 5*q = -25, 0 = 2*v - q - 5. Suppose v = 4*g - r - 245. Is g a prime number?
True
Suppose -4*h = -5*h + 113. Suppose -34 = 3*j + h. Let a = -14 - j. Is a a composite number?
True
Let s(q) = -3*q - 16. Let r be s(-6). Suppose -f + 3270 = 5*m, m - r*f = -2*m + 1962. Let n = m + -325. Is n composite?
True
Let v be (-1 - -7) + 7 + -8. Suppose 1 + 19 = v*g. Suppose -g*f + 4*p + 372 = 0, 0*f - 5*p - 192 = -2*f. Is f prime?
False
Let i = 4 - -1. Let x = i - 0. Suppose x*g - 2*f = 3*f + 695, 139 = g + 2*f. Is g composite?
False
Let b = -168 - -242. Is b a composite number?
True
Let t(x) = -x + 21. Let d be t(14). Suppose -j + 6 = -15. Let l = j - d. Is l composite?
True
Let f(b) = 142*b**2 - b + 2. Let o be f(1). Suppose -4*y + o = -1013. Is y prime?
False
Let k(r) = 63*r**2 - 14*r + 116. Is k(-15) composite?
True
Let y = 887 + -661. Is y prime?
False
Let r(w) = 3*w**3 - 25*w**2 + 22*w + 19. Is r(11) prime?
True
Let z = 5 + -3. Suppose 8*v - 30 = z*v. Suppose v*s + 3*g - 3 = 35, 0 = -3*s - 5*g + 26. Is s composite?
False
Let f(k) be the third derivative of 11*k**4/4 - 5*k**3/6 + 3*k**2. Let l be f(4). Is l + 1/1 + -3 composite?
False
Suppose -3*j - 1190 + 9521 = 0. Is j a prime number?
True
Let c(h) = 3611*h**3 + h**2 + 7*h - 5. Is c(2) prime?
True
Let w(c) = -11*c + 3. Let z be w(-1). Is -1 + 12792/z - 20/(-70) a composite number?
True
Suppose 15225 - 2971 = 22*m. Is m a prime number?
True
Let u(d) = 117*d**2 - 2*d - 6. Is u(-9) prime?
False
Let w(g) = 4*g - 131. Let z(u) = 3*u - 131. Let q(v) = 5*w(v) - 6*z(v). Is q(0) prime?
True
Is (2 - 3/3) + 2 + 1340 a composite number?
True
Is 13203/2 - 50/20 prime?
True
Suppose 5*o - 413803 = 49962. Is o a composite number?
False
Let w = -7 + 11. Suppose b = 5*j + 284, -297 + 21 = -b + j. Suppose 5 = -5*v, -w*i = -0*i + 2*v - b. Is i composite?
True
Let f = 9514 + -6395. Is f prime?
True
Let x(z) = -2360*z - 899. Is x(-60) a prime number?
False
Let g be (-21)/12*(4 + 32/(-4)). Let s(l) = 7*l**3 - 9*l**2 + 18*l + 9. Is s(g) a composite number?
True
Suppose -3*u - 64 = 119. Let x = 352 - u. Is x a composite number?
True
Let r be 6/(-8) - 39/12. Let v(p) = 13*p**2 - p - 3. Is v(r) prime?
False
Let p = 25 - 37. Is (-11)/66 + (-9446)/p a prime number?
True
Is (24654/(-4))/((-9)/6) a composite number?
True
Let n be ((-20)/(4/(-1)))/1. Suppose -3*w + 5071 = -n*x, -5*x = -5*w - x + 8443. Is w a prime number?
False
Let q(v) = 2*v**3 + v**2 - 3*v. Let d be q(-10). Let t = 1635 - d. Is t a prime number?
False
Let v be 4 + 3/(-9)*3. Suppose 0 = -2*a - v*a + 1395. Let k = a + -130. Is k a composite number?
False
Let x = 385 - -606. Suppose 9*g - 10*g = -x. Is g prime?
True
Let i(r) = -21*r**3 - r + 2. Let x be i(1). Suppose -n - 926 = -s - s, 0 = 3*s + n - 1379. Is s/4 - (-5)/x a prime number?
False
Suppose 0 = -4*d - 2*c - 3*c - 3, 5*d - 4*c = -14. Is (-7)/((-35)/d) - 5428/(-20) a composite number?
False
Let a be (-3)/(-12) - (-3429)/(-4). Let y = a - -1348. Is y composite?
False
Suppose -14*n = -27*n. Suppose n = t + 7*t - 17384. Is t prime?
False
Let n = -1465 + 4377. Suppose -4*j - 580 = -n. Let y = j + -324. Is y prime?
False
Let r be 38/(-6) + 2/(-3). Let f(q) = -q**2 - 11*q - 8. Let y(m) = -m**2 - 12*m - 9. Let v(c) = -6*f(c) + 5*y(c). Is v(r) composite?
True
Suppose 2*q - 3*q = 177. Let f = 218 - q. Is f composite?
True
Let c be (-366)/4*(-84)/63. Suppose -84 - c = -2*q. Is q prime?
True
Let z = 33509 + -7020. Is z a prime number?
True
Suppose 15*h = 21*h - 13050. Suppose -m + 443 = 3*j, -5*j + 0*j = 5*m - h. Is m 